w. List the prime factors of v.
2, 3
Let q = 82 - 94. Let a be 4 + (-2)/(-4) + (-12054)/q. Suppose -3*h - 395 = -5*u - a, -216 = -h - 4*u. What are the prime factors of h?
2, 13
Let d(q) = q**3 + 4*q**2 - 7*q - 4. Let f be d(-5). Let j(x) = -13 + 2*x**2 - f*x**2 + 10 - x**3. What are the prime factors of j(-5)?
2, 11
Suppose -225*v - 695583 = -288*v. What are the prime factors of v?
61, 181
List the prime factors of 4 - (-12 + 7 + (-50848 + 5 - 2)).
2, 47, 541
Let r(x) = 2*x**3 - 11*x**2 - 12*x + 41. Let s be r(6). Suppose s*z = -7*z + 2388. List the prime factors of z.
199
Let n be (-15)/40 - (-148923)/72. Suppose -29*t = 15*t - n. List the prime factors of t.
47
Let h be 8/(-100) + 616/200. What are the prime factors of (h - 0)/(-8 - (-8193)/1023)?
11, 31
Let a be (11 - 14)*(-10)/(-6) - -2. List the prime factors of 717 + (a - 4) - 4.
2, 353
Let y(p) = 4337*p - 4190. List the prime factors of y(4).
2, 3, 17, 43
Let u(q) = -2*q**3 - 13*q**2 + q + 129. Suppose -4*z + 18 = -6*z - 4*t, -3*z + 2*t = 35. What are the prime factors of u(z)?
17, 71
Suppose b - 3490 = -2*n + 8874, -4*b + 24736 = 4*n. Suppose -12*x - 8*x = -n. List the prime factors of x.
3, 103
Let s be (-30)/135 + 47/9. Suppose -s*g = -u + 109, 4*u - 2*g - 346 = -0*g. Suppose 3*n = -3*n + u. List the prime factors of n.
2, 7
Let h(n) = 6*n**2 - 28*n - 73 + 58*n - 28*n. List the prime factors of h(-9).
5, 79
Let l = -3539 - -7229. What are the prime factors of l?
2, 3, 5, 41
Suppose 8*l - 11*l = -22356. Suppose -22*t - l = -31*t. List the prime factors of t.
2, 3, 23
Let v(j) = -7*j - 154. Let c be v(-27). List the prime factors of 9/((-45)/c)*(-72 - 1).
7, 73
Let z(b) = -2*b**2 - 11*b + 9. Let a be z(-6). Let o(w) = 3*w**3 - 6*w**2 + 4*w - 1. List the prime factors of o(a).
2, 19
Let x(l) be the second derivative of l**4/4 - 8*l**3/3 - 201*l**2/2 + 8*l + 4. What are the prime factors of x(22)?
29, 31
Suppose 3*t + 1 = o, 0*o - 2*t - 3 = -o. Let a = -31 + o. Let v = a - -70. List the prime factors of v.
2, 23
Let y = 8 + -6. Suppose 52 - y = -5*j. List the prime factors of (-488)/j - 2*(-1)/10.
7
Suppose -3*g = -15, r = 38*g - 37*g + 18420. What are the prime factors of r?
5, 11, 67
Let h = 12378 - -4617. What are the prime factors of h?
3, 5, 11, 103
Let j = 15 + -41. Let w be (-14)/(-2) + j/26. What are the prime factors of 489/6 - (-3)/(0 + w)?
2, 41
Let h be (-57996)/216*-1*4/6. Suppose 0 = t + 5*o - h, -4*t + 716 = 11*o - 6*o. List the prime factors of t.
179
Let z = 10958 + -1878. What are the prime factors of z?
2, 5, 227
Suppose 0 = -10*v - 56*v + 391417 - 77521. List the prime factors of v.
2, 29, 41
Suppose 2*w + 7 = -7, 4*w = 3*h - 65881. What are the prime factors of h?
3, 271
Suppose -290*f + 309*f - 246307 = 155087. What are the prime factors of f?
2, 3, 7, 503
Suppose 70*y - 68*y = 5*p - 68234, 2*p - 4*y = 27284. What are the prime factors of p?
2, 853
Suppose 5*s - s - 61400 = -4*q, 10*s = 3*q - 45998. What are the prime factors of q?
2, 7673
What are the prime factors of (-2 + 44/(-16))/((-59)/213816)?
2, 3, 19, 151
Let q be ((-6)/(-7))/((-27)/(-252)). Let j be (-40)/(-15)*270/q. Suppose 5*o - 50 = j. List the prime factors of o.
2, 7
Let m be 1 - 54/21 - (-4)/7. What are the prime factors of -5*1 + (-665)/m?
2, 3, 5, 11
Let v be -42*(-3 + 18/4). Let d = v + 141. Suppose -3*f - g + 234 = 0, f - 4*g = g + d. What are the prime factors of f?
2, 3, 13
Let i(u) be the second derivative of -u**5/20 + 5*u**4/3 - 5*u**3/6 + u**2 - 20*u. List the prime factors of i(6).
2, 7, 17
Let n = 7889 - 7417. List the prime factors of n.
2, 59
Let i(y) = 7*y. Let g be i(0). Suppose -5*t + t - 4*q = g, -5*t + 12 = 2*q. Suppose 4*j = 2*h - 260, -3*h - t*j + 0*j + 420 = 0. List the prime factors of h.
2, 17
Suppose -7*o = -7*v + 8*v + 40, 0 = -v - 5*o - 44. Let j be 0/(-3) + 57 + 0. Let k = v + j. List the prime factors of k.
3
Suppose 6*y = -4*y + 1820. Let j = -125 + y. What are the prime factors of j?
3, 19
Let a(k) = -k**2 - 13*k + 17. Let p be a(-14). Suppose 97 + 51 = 2*b + x, x = -p*b + 223. List the prime factors of b.
3, 5
Let x = 496 - 336. Let z = 293 - 290. Suppose 0 = -p - 2*u + x, -99 + 579 = z*p - 4*u. List the prime factors of p.
2, 5
List the prime factors of (156*(-6)/20)/((-53)/265).
2, 3, 13
List the prime factors of (14 - 955 - 0)/((-2)/38).
19, 941
Suppose -3*n = -1145 + 1157. Let f(q) = q**3 + q**2 + q + 4. Let r be f(0). What are the prime factors of 28 - n - (-8 + r)?
2, 3
Let d = 1079 - -6836. What are the prime factors of d?
5, 1583
Let u(w) = -5*w - 145. Let y be u(-30). Suppose y*d - 4350 = -5*j, d + 2*j = 193 + 676. What are the prime factors of d?
13, 67
Let o = -73 + 75. Suppose -o*m = -2*s, -4*s + 2*s + 4 = 0. List the prime factors of m.
2
Suppose 45*d - 6988768 = -187*d. What are the prime factors of d?
2, 17, 443
Suppose -399280 = -485*c + 439*c. What are the prime factors of c?
2, 5, 7, 31
Suppose -2*l = 3*w - 72, 14*l - 10*l = 4*w + 124. Suppose -5*v = h + 56, -h + 0*v + 4*v = 11. Let q = l - h. List the prime factors of q.
2
Let y be 5*((-748)/(-5) - 8). Let n = y - -345. What are the prime factors of n?
3, 13
Let m(o) be the first derivative of -o**4/2 - 12*o**3 - o**2 + 24*o - 119. Let i(v) = -v - 2. Let c be i(16). List the prime factors of m(c).
2, 3, 5
Let j(i) = -i + 1. Let v(l) = 9*l - 48. Let t(a) = -6*j(a) + v(a). Suppose -9*o + 7*o = -12. What are the prime factors of t(o)?
2, 3
Suppose -c - t - 4 + 13 = 0, -2*c = -4*t + 6. Suppose 1 + 6 = f - 5*s, -7 = -c*f - 3*s. Suppose -f = -h + 65. List the prime factors of h.
67
Let z(h) = -2*h**3 - 67*h**2 - 434*h + 15. List the prime factors of z(-42).
3, 23, 233
Let x(b) = -11 - 25 - 9*b + 10 + 2 + b**2. What are the prime factors of x(-18)?
2, 3, 7, 11
Let o(a) = -15*a**2 + a. Suppose 0*p - 3 = -3*p. Let t be o(p). List the prime factors of -92*(t/(-8))/(-7).
23
Let j(m) = -m**2 + m - 1 - 3 + 6. Let v be j(0). List the prime factors of -132*-3*v/18.
2, 11
Suppose -6 = -0*g + 3*g. List the prime factors of 61/3*(13 - g).
5, 61
What are the prime factors of ((-1)/((-4)/(-52189)))/((-225)/100 - -2)?
52189
Let g(s) = -3*s**2 - 23*s - 46. Let h be g(-15). Let f = h - -597. What are the prime factors of f?
13, 17
Let c(z) = -z**2 + 23*z - 87. Let b be c(19). Let q(n) = -51*n - 75. List the prime factors of q(b).
2, 3
Let s(h) be the first derivative of 5*h**4/12 - h**3 - 6*h**2 - 28*h + 23. Let g(f) be the first derivative of s(f). What are the prime factors of g(-6)?
2, 3, 17
Let v = -12186 + 15059. List the prime factors of v.
13, 17
Suppose -5*l + 522 = -2*l - 5*o, 4*l - 3*o - 685 = 0. Let x = -150 + l. What are the prime factors of x?
19
Suppose 12*m + 3*b = 7*m + 883, -3*b = 3*m - 525. Suppose j - 7 - 144 = 0. Suppose j = 6*i - m. What are the prime factors of i?
5, 11
Let j(z) = -z**2 + 18*z - 82. Let n be j(8). What are the prime factors of 6*(1 - n - 4 - -98)?
2, 3, 97
Let r(v) = -3*v - 12. Suppose 0*y + 0*y - 6*y = 0. Suppose 4*l - 38 + 94 = y. List the prime factors of r(l).
2, 3, 5
Suppose 0 = -2*h + v + 43, -2*h - h + 3*v + 60 = 0. Suppose 0 = -m - 3*w + 27, m + 2*w - w - h = 0. Suppose 1162 = m*x - 14*x. List the prime factors of x.
2, 83
Suppose 2*n + c = -2*c + 17092, -2*n - c + 17100 = 0. List the prime factors of n.
2, 1069
Let j = -108 + 108. Suppose j = -32*a + 40*a - 120. What are the prime factors of a?
3, 5
Let p(s) = -s**3 - 4*s**2 + 10*s - 7. Let r be p(-6). Let y = r + -1. Suppose -2*t + 383 = 3*x, -y*t + 14*x = 9*x - 733. What are the prime factors of t?
11, 17
Let b(l) = -3*l**2 + 38*l - 22. Let v be b(12). Suppose -20*g = -v*g - 9144. List the prime factors of g.
2, 127
Let c(m) = 23225*m + 5515. What are the prime factors of c(3)?
2, 5, 73, 103
Let q(a) = 36*a**3 - 7*a**2 + 15*a - 2. Let v = -252 + 254. List the prime factors of q(v).
2, 3
Suppose -11*i + 16*i - 4*d = 13977, 3*i + 5*d - 8364 = 0. Suppose 4655 = 5*k - 2*h, -5*k + 2*k + i = 2*h. What are the prime factors of k?
7, 19
Suppose -3*x + 5*x = -7*x + 21411. List the prime factors of x.
3, 13, 61
Let d(m) = m**3 - 14*m + 2. Let x be d(4). What are the prime factors of 4/x - (-13)/5 - -105?
2, 3
Let v be (-2)/5 - (7 + (-111)/15). Suppose v = w - 123 + 6. Suppose 5*j + w = y, -j + 3*j - 6 = 0. What are the prime f